{"id":13,"date":"2026-01-14T00:08:16","date_gmt":"2026-01-13T23:08:16","guid":{"rendered":"https:\/\/kidsuco.duckdns.org\/?page_id=13"},"modified":"2026-01-14T00:08:16","modified_gmt":"2026-01-13T23:08:16","slug":"paedagogisches-konzept-ziele","status":"publish","type":"page","link":"https:\/\/kidsuco.duckdns.org\/index.php\/paedagogisches-konzept-ziele\/","title":{"rendered":"P\u00e4dagogisches Konzept &amp; Ziele"},"content":{"rendered":"\n<p>Gemeinsam den Alltag meistern. <sup><\/sup><sup><\/sup><sup><\/sup><sup><\/sup>Wir unterst\u00fctzen junge Menschen dabei, soziale Beeintr\u00e4chtigungen zu kompensieren und individuelle St\u00e4rken zu finden. <sup><\/sup><\/p>\n\n\n\n<ul class=\"wp-block-list\">\n<li><strong>Alltag &amp; Struktur:<\/strong> Wir helfen bei der Strukturierung des Tagesablaufes und vermitteln lebenspraktische Fertigkeiten. <\/li>\n\n\n\n<li><strong>Bildung &amp; Beruf:<\/strong> Wir wirken aktiv bei der schulischen und beruflichen F\u00f6rderung mit. <\/li>\n\n\n\n<li><strong>Soziale Kompetenz:<\/strong> F\u00f6rderung der emotional-sozialen F\u00e4higkeiten und der Gruppenf\u00e4higkeit. <\/li>\n\n\n\n<li><strong>Elternarbeit:<\/strong> Wir arbeiten eng mit den Jugend\u00e4mtern zusammen und f\u00f6rdern den Kontakt zur Herkunftsfamilie. <\/li>\n<\/ul>\n","protected":false},"excerpt":{"rendered":"<p>Gemeinsam den Alltag meistern. Wir unterst\u00fctzen junge Menschen dabei, soziale Beeintr\u00e4chtigungen zu kompensieren und individuelle St\u00e4rken zu finden.<\/p>\n","protected":false},"author":1,"featured_media":0,"parent":0,"menu_order":0,"comment_status":"closed","ping_status":"closed","template":"","meta":{"footnotes":""},"class_list":["post-13","page","type-page","status-publish","hentry"],"_links":{"self":[{"href":"https:\/\/kidsuco.duckdns.org\/index.php\/wp-json\/wp\/v2\/pages\/13","targetHints":{"allow":["GET"]}}],"collection":[{"href":"https:\/\/kidsuco.duckdns.org\/index.php\/wp-json\/wp\/v2\/pages"}],"about":[{"href":"https:\/\/kidsuco.duckdns.org\/index.php\/wp-json\/wp\/v2\/types\/page"}],"author":[{"embeddable":true,"href":"https:\/\/kidsuco.duckdns.org\/index.php\/wp-json\/wp\/v2\/users\/1"}],"replies":[{"embeddable":true,"href":"https:\/\/kidsuco.duckdns.org\/index.php\/wp-json\/wp\/v2\/comments?post=13"}],"version-history":[{"count":1,"href":"https:\/\/kidsuco.duckdns.org\/index.php\/wp-json\/wp\/v2\/pages\/13\/revisions"}],"predecessor-version":[{"id":14,"href":"https:\/\/kidsuco.duckdns.org\/index.php\/wp-json\/wp\/v2\/pages\/13\/revisions\/14"}],"wp:attachment":[{"href":"https:\/\/kidsuco.duckdns.org\/index.php\/wp-json\/wp\/v2\/media?parent=13"}],"curies":[{"name":"wp","href":"https:\/\/api.w.org\/{rel}","templated":true}]}}